{"id":1867,"date":"2020-05-07T23:03:51","date_gmt":"2020-05-07T20:03:51","guid":{"rendered":"https:\/\/hansu.av.tr\/uzmanlik-alanlarimiz\/basin-ve-medya-hukuku\/"},"modified":"2020-07-17T19:52:01","modified_gmt":"2020-07-17T16:52:01","slug":"basin-ve-medya-hukuku","status":"publish","type":"page","link":"https:\/\/hansu.av.tr\/tr\/uzmanlik-alanlarimiz\/basin-ve-medya-hukuku\/","title":{"rendered":"Bas\u0131n ve Medya Hukuku"},"content":{"rendered":"\t\t<div data-elementor-type=\"wp-post\" data-elementor-id=\"1867\" class=\"elementor elementor-1867 elementor-778\">\n\t\t\t\t\t\t<div class=\"elementor-inner\">\n\t\t\t\t<div class=\"elementor-section-wrap\">\n\t\t\t\t\t\t\t\t\t<section class=\"elementor-section elementor-top-section elementor-element elementor-element-2566e25 elementor-section-boxed elementor-section-height-default elementor-section-height-default\" data-id=\"2566e25\" data-element_type=\"section\">\n\t\t\t\t\t\t<div class=\"elementor-container elementor-column-gap-default\">\n\t\t\t\t\t\t\t<div class=\"elementor-row\">\n\t\t\t\t\t<div class=\"elementor-column elementor-col-100 elementor-top-column elementor-element elementor-element-60da945\" data-id=\"60da945\" data-element_type=\"column\">\n\t\t\t<div class=\"elementor-column-wrap elementor-element-populated\">\n\t\t\t\t\t\t\t<div class=\"elementor-widget-wrap\">\n\t\t\t\t\t\t<div class=\"elementor-element elementor-element-319ab14 elementor-widget elementor-widget-text-editor\" data-id=\"319ab14\" data-element_type=\"widget\" data-widget_type=\"text-editor.default\">\n\t\t\t\t<div class=\"elementor-widget-container\">\n\t\t\t\t\t\t\t\t<div class=\"elementor-text-editor elementor-clearfix\">\n\t\t\t\t<p><strong><u>Nas\u0131l Yard\u0131mc\u0131 Olabiliriz?<\/u><\/strong><\/p><p>Avukatl\u0131k B\u00fcromuz, yaz\u0131l\u0131, g\u00f6rsel ve internet yay\u0131n\u0131 faaliyetlerinin yasal d\u00fczenlemelere uygunlu\u011funun denetlenmesi, bu hususta olu\u015fabilecek hukuki uyu\u015fmazl\u0131klar\u0131n \u00f6nceden belirlenmesi ve \u00f6nlenmesi ile, uyu\u015fmazl\u0131klar\u0131n \u00e7\u00f6z\u00fcm\u00fc konular\u0131nda hukuki hizmet vermektedir. Bu kapsamda Avukatl\u0131k B\u00fcromuz, ilgili yaz\u0131l\u0131, g\u00f6rsel veya internet yay\u0131n\u0131n\u0131n m\u00fcvekkillerimiz \u00fczerinde herhangi bir zarara veya hak kayb\u0131na yol a\u00e7mas\u0131 halinde tekzip hakk\u0131n\u0131n kullan\u0131lmas\u0131, tekzip hakk\u0131n\u0131n kulland\u0131r\u0131lmas\u0131 i\u00e7in gerekli ba\u015fvurular\u0131n yap\u0131lmas\u0131, m\u00fcvekkillerin itibarlar\u0131 nezdinde zarara yol a\u00e7an i\u00e7eriklerin kald\u0131r\u0131lmas\u0131 ve bu i\u00e7eriklere ili\u015fkin cezai i\u015flemlerin tamamlanmas\u0131 da dahil olmak \u00fczere t\u00fcm prosed\u00fcrlerin takibini ger\u00e7ekle\u015ftirmektedir.<\/p><p><strong><u>Kimlere Yard\u0131mc\u0131 Oluyoruz ?<\/u><\/strong><\/p><p>Ger\u00e7ek veya t\u00fczel fark etmeksizin t\u00fcm hukuki ki\u015filiklerin yaz\u0131l\u0131, g\u00f6rsel veya internet yay\u0131nlar\u0131 nedeni ile zarar g\u00f6rmesi ve bu anlamda itibar kayb\u0131na u\u011framas\u0131 m\u00fcmk\u00fcnd\u00fcr. Bu kapsamda Avukatl\u0131k B\u00fcromuz, m\u00fcvekkillerin mahremiyetine ve haysiyetine sayg\u0131 duyarak deneyimli kadrosu ile bilgi kirlili\u011fi, ger\u00e7ek d\u0131\u015f\u0131 bilgi, iftira, hakaret ve hatta su\u00e7 uydurma i\u00e7eren t\u00fcm yay\u0131nlara kar\u015f\u0131 hukuk yollar\u0131n\u0131n y\u00fcr\u00fct\u00fclmesi noktalar\u0131nda hizmet vermekte ve m\u00fcvekkillerinin ki\u015filik haklar\u0131n\u0131 korumaktad\u0131r.<\/p><p>\u00a0<\/p>\t\t\t\t\t<\/div>\n\t\t\t\t\t\t<\/div>\n\t\t\t\t<\/div>\n\t\t\t\t\t\t<\/div>\n\t\t\t\t\t<\/div>\n\t\t<\/div>\n\t\t\t\t\t\t\t\t<\/div>\n\t\t\t\t\t<\/div>\n\t\t<\/section>\n\t\t\t\t\t\t\t\t\t<\/div>\n\t\t\t<\/div>\n\t\t\t\t\t<\/div>\n\t\t","protected":false},"excerpt":{"rendered":"<p>Nas\u0131l Yard\u0131mc\u0131 Olabiliriz? Avukatl\u0131k B\u00fcromuz, yaz\u0131l\u0131, g\u00f6rsel ve internet yay\u0131n\u0131 faaliyetlerinin yasal d\u00fczenlemelere uygunlu\u011funun denetlenmesi, bu hususta olu\u015fabilecek hukuki uyu\u015fmazl\u0131klar\u0131n \u00f6nceden belirlenmesi ve \u00f6nlenmesi ile, uyu\u015fmazl\u0131klar\u0131n \u00e7\u00f6z\u00fcm\u00fc konular\u0131nda hukuki hizmet vermektedir. Bu kapsamda Avukatl\u0131k B\u00fcromuz, ilgili yaz\u0131l\u0131, g\u00f6rsel veya internet yay\u0131n\u0131n\u0131n m\u00fcvekkillerimiz \u00fczerinde herhangi bir zarara veya hak kayb\u0131na yol a\u00e7mas\u0131 halinde tekzip hakk\u0131n\u0131n kullan\u0131lmas\u0131,&#8230;<\/p>\n","protected":false},"author":1,"featured_media":5656,"parent":1820,"menu_order":328,"comment_status":"closed","ping_status":"closed","template":"","meta":[],"acf":[],"_links":{"self":[{"href":"https:\/\/hansu.av.tr\/tr\/wp-json\/wp\/v2\/pages\/1867"}],"collection":[{"href":"https:\/\/hansu.av.tr\/tr\/wp-json\/wp\/v2\/pages"}],"about":[{"href":"https:\/\/hansu.av.tr\/tr\/wp-json\/wp\/v2\/types\/page"}],"author":[{"embeddable":true,"href":"https:\/\/hansu.av.tr\/tr\/wp-json\/wp\/v2\/users\/1"}],"replies":[{"embeddable":true,"href":"https:\/\/hansu.av.tr\/tr\/wp-json\/wp\/v2\/comments?post=1867"}],"version-history":[{"count":4,"href":"https:\/\/hansu.av.tr\/tr\/wp-json\/wp\/v2\/pages\/1867\/revisions"}],"predecessor-version":[{"id":5976,"href":"https:\/\/hansu.av.tr\/tr\/wp-json\/wp\/v2\/pages\/1867\/revisions\/5976"}],"up":[{"embeddable":true,"href":"https:\/\/hansu.av.tr\/tr\/wp-json\/wp\/v2\/pages\/1820"}],"wp:featuredmedia":[{"embeddable":true,"href":"https:\/\/hansu.av.tr\/tr\/wp-json\/wp\/v2\/media\/5656"}],"wp:attachment":[{"href":"https:\/\/hansu.av.tr\/tr\/wp-json\/wp\/v2\/media?parent=1867"}],"curies":[{"name":"wp","href":"https:\/\/api.w.org\/{rel}","templated":true}]}}

Basın ve Medya Hukuku

<div data-elementor-type="wp-post" data-elementor-id="1867" class="elementor elementor-1867 elementor-778">
						<div class="elementor-inner">
				<div class="elementor-section-wrap">
									<section class="elementor-section elementor-top-section elementor-element elementor-element-2566e25 elementor-section-boxed elementor-section-height-default elementor-section-height-default" data-id="2566e25" data-element_type="section">
						<div class="elementor-container elementor-column-gap-default">
							<div class="elementor-row">
					<div class="elementor-column elementor-col-100 elementor-top-column elementor-element elementor-element-60da945" data-id="60da945" data-element_type="column">
			<div class="elementor-column-wrap elementor-element-populated">
							<div class="elementor-widget-wrap">
						<div class="elementor-element elementor-element-319ab14 elementor-widget elementor-widget-text-editor" data-id="319ab14" data-element_type="widget" data-widget_type="text-editor.default">
				<div class="elementor-widget-container">
								<div class="elementor-text-editor elementor-clearfix">
				<p><strong><u>Nasıl Yardımcı Olabiliriz?</u></strong></p><p>Avukatlık Büromuz, yazılı, görsel ve internet yayını faaliyetlerinin yasal düzenlemelere uygunluğunun denetlenmesi, bu hususta oluşabilecek hukuki uyuşmazlıkların önceden belirlenmesi ve önlenmesi ile, uyuşmazlıkların çözümü konularında hukuki hizmet vermektedir. Bu kapsamda Avukatlık Büromuz, ilgili yazılı, görsel veya internet yayınının müvekkillerimiz üzerinde herhangi bir zarara veya hak kaybına yol açması halinde tekzip hakkının kullanılması, tekzip hakkının kullandırılması için gerekli başvuruların yapılması, müvekkillerin itibarları nezdinde zarara yol açan içeriklerin kaldırılması ve bu içeriklere ilişkin cezai işlemlerin tamamlanması da dahil olmak üzere tüm prosedürlerin takibini gerçekleştirmektedir.</p><p><strong><u>Kimlere Yardımcı Oluyoruz ?</u></strong></p><p>Gerçek veya tüzel fark etmeksizin tüm hukuki kişiliklerin yazılı, görsel veya internet yayınları nedeni ile zarar görmesi ve bu anlamda itibar kaybına uğraması mümkündür. Bu kapsamda Avukatlık Büromuz, müvekkillerin mahremiyetine ve haysiyetine saygı duyarak deneyimli kadrosu ile bilgi kirliliği, gerçek dışı bilgi, iftira, hakaret ve hatta suç uydurma içeren tüm yayınlara karşı hukuk yollarının yürütülmesi noktalarında hizmet vermekte ve müvekkillerinin kişilik haklarını korumaktadır.</p><p> </p>					</div>
						</div>
				</div>
						</div>
					</div>
		</div>
								</div>
					</div>
		</section>
									</div>
			</div>
					</div>

<p>Nasıl Yardımcı Olabiliriz? Avukatlık Büromuz, yazılı, görsel ve internet yayını faaliyetlerinin yasal düzenlemelere uygunluğunun denetlenmesi, bu hususta oluşabilecek hukuki uyuşmazlıkların önceden belirlenmesi ve önlenmesi ile, uyuşmazlıkların çözümü konularında hukuki hizmet vermektedir. Bu kapsamda Avukatlık Büromuz, ilgili yazılı, görsel veya internet yayınının müvekkillerimiz üzerinde herhangi bir zarara veya hak kaybına yol açması halinde tekzip hakkının kullanılması,&#8230;</p>
